30
What is 0 (base 14) in base 11?
0
0 (base 8) to base 9
0
121 (base 4) to base 5
100
-6 (base 14) to base 12
-6
102 (base 5) to base 8
33
6 (base 9) to base 12
6
What is 11111 (base 2) in base 4?
133
What is -3 (base 9) in base 8?
-3
Convert -15 (base 7) to base 10.
-12
-3 (base 10) to base 6
-3
1 (base 15) to base 8
1
Convert 0 (base 16) to base 7.
0
What is 11 (base 12) in base 9?
14
3 (base 5) to base 4
3
What is 153 (base 6) in base 15?
49
44 (base 8) to base 7
51
What is 10 (base 7) in base 6?
11
What is 5 (base 6) in base 10?
5
Convert 1 (base 5) to base 16.
1
What is -5 (base 6) in base 16?
-5
What is 2 (base 6) in base 5?
2
Convert -1210 (base 5) to base 7.
-345
What is -1 (base 4) in base 9?
-1
-4 (base 5) to base 6
-4
Convert -4 (base 14) to base 9.
-4
11 (base 15) to base 3
121
What is -2 (base 14) in base 7?
-2
Convert 2 (base 7) to base 8.
2
What is 11 (base 13) in base 6?
22
6c (base 15) to base 10
102
Convert 2a (base 11) to base 15.
22
What is -165 (base 10) in base 8?
-245
Convert 6 (base 12) to base 3.
20
What is 2 (base 11) in base 12?
2
-2 (base 13) to base 11
-2
Convert -21 (base 4) to base 16.
-9
Convert 2 (base 15) to base 4.
2
What is -2 (base 11) in base 12?
-2
-20 (base 3) to base 16
-6
10 (base 2) to base 7
2
What is -14 (base 13) in base 9?
-18
-47 (base 9) to base 2
-101011
-3 (base 4) to base 11
-3
1 (base 14) to base 5
1
Convert -3 (base 13) to base 14.
-3
-47 (base 10) to base 9
-52
11000 (base 2) to base 13
1b
-29 (base 13) to base 9
-38
What is -100 (base 2) in base 10?
-4
Convert -170 (base 15) to base 8.
-512
What is 78 (base 12) in base 16?
5c
Convert -2 (base 8) to base 14.
-2
What is -2 (base 6) in base 4?
-2
10000 (base 2) to base 16
10
What is 2 (base 3) in base 11?
2
Convert 2021 (base 4) to base 12.
b5
-3 (base 13) to base 10
-3
What is 3 (base 15) in base 13?
3
What is 4 (base 8) in base 12?
4
What is -52 (base 6) in base 16?
-20
Convert -401 (base 5) to base 16.
-65
What is -45 (base 10) in base 14?
-33
What is -101 (base 5) in base 7?
-35
Convert 89 (base 16) to base 2.
10001001
Convert 0 (base 4) to base 3.
0
Convert a8 (base 14) to base 12.
104
Convert -7 (base 10) to base 7.
-10
Convert 141 (base 9) to base 6.
314
What is 121 (base 3) in base 8?
20
Convert 104 (base 6) to base 15.
2a
What is 255 (base 9) in base 13?
134
-10 (base 3) to base 14
-3
Convert 111 (base 4) to base 6.
33
What is 35 (base 16) in base 9?
58
Convert -1 (base 6) to base 8.
-1
What is -80 (base 12) in base 6?
-240
Convert 11 (base 6) to base 4.
13
What is 9 (base 14) in base 2?
1001
Convert 1 (base 6) to base 13.
1
What is 1 (base 10) in base 3?
1
15 (base 10) to base 11
14
c (base 15) to base 7
15
What is -4a (base 13) in base 7?
-116
Convert 16 (base 10) to base 11.
15
-65 (base 9) to base 11
-54
Convert -10 (base 6) to base 8.
-6
Convert 2122 (base 3) to base 7.
131
Convert 6c (base 14) to base 12.
80
What is -10 (base 3) in base 10?
-3
-13 (base 4) to base 5
-12
Convert 422 (base 5) to base 10.
112
What is -22 (base 4) in base 12?
-a
-26 (base 11) to base 16
-1c
-30 (base 4) to base 3
-110
Convert -4 (base 13) to base 5.
-4
What is a (base 16) in base 6?
14
What is -25 (base 6) in base 12?
-15
-72 (base 9) to base 12
-55
-1 (base 5) to base 10
-1
What is 2 (base 11) in base 13?
2
Convert -11100 (base 2) to base 12.
-24
Convert 5 (base 13) to base 4.
11
What is 1101 (base 2) in base 8?
15
What is -104 (base 5) in base 2?
-11101
What is 4 (base 7) in base 4?
10
Convert -91 (base 10) to base 2.
-1011011
Convert 3a (base 11) to base 8.
53
Convert 1100011 (base 2) to base 12.
83
13 (base 7) to base 12
a
Convert 5a (base 15) to base 4.
1111
Convert 4 (base 8) to base 4.
10
-42 (base 13) to base 7
-105
Convert 0 (base 16) to base 6.
0
Convert 121 (base 4) to base 15.
1a
What is -20 (base 4) in base 2?
-1000
What is -1110011 (base 2) in base 7?
-223
-17 (base 9) to base 13
-13
Convert 26 (base 9) to base 7.
33
-7 (base 8) to base 10
-7
Convert -9 (base 15) to base 12.
-9
10110 (base 2) to base 14
18
8 (base 15) to base 5
13
Convert 212 (base 5) to base 11.
52
-30 (base 13) to base 2
-100111
Convert -101 (base 2) to base 6.
-5
What is 1 (base 3) in base 11?
1
Convert -3 (base 15) to base 7.
-3
Convert -3 (base 5) to base 12.
-3
-1000 (base 2) to base 3
-22
2 (base 11) to base 10
2
-3 (base 12) to base 15
-3
-4 (base 7) to base 6
-4
Convert 3 (base 5) to base 12.
3
Convert 5 (base 9) to base 4.
11
24 (base 16) to base 12
30
What is 2 (base 8) in base 6?
2
Convert 101 (base 2) to base 10.
5
Convert 10 (base 7) to base 16.
7
Convert 1113 (base 4) to base 13.
69
Convert -1 (base 16) to base 3.
-1
1 (base 15) to base 4
1
Convert -131 (base 6) to base 11.
-50
Convert -20 (base 4) to base 11.
-8
Convert 10 (base 6) to base 16.
6
Convert -11 (base 3) to base 4.
-10
What is 10101 (base 3) in base 8?
133
What is -133 (base 5) in base 4?
-223
Convert 2 (base 3) to base 10.
2
31 (base 6) to base 9
21
0 (base 3) to base 13
0
Convert -10 (base 6) to base 13.
-6
What is -10 (base 13) in base 9?
-14
-143 (base 9) to base 12
-a0
What is -1 (base 8) in base 10?
-1
-3 (base 13) to base 7
-3
What is -11 (base 3) in base 9?
-4
What is -3 (base 5) in base 14?
-3
15 (base 8) to base 3
111
What is 101101 (base 2) in base 3?
1200
What is -44 (base 7) in base 11?
-2a
Convert -14 (base 5) to base 14.
-9
What is -1 (base 11) in base 2?
-1
Convert 233 (base 10) to base 9.
278
What is 32 (base 7) in base 4?
113
What is 2 (base 8) in base 15?
2
-11 (base 15) to base 4
-100
What is 47 (base 15) in base 11?
61
What is -5 (base 10) in base 15?
-5
What is -106 (base 7) in base 8?
-67
211 (base 3) to base 12
1a
Convert 3 (base 9) to base 6.
3
Convert 20 (base 4) to base 9.
8
What is 3 (base 6) in base 11?
3
Convert 1 (base 6) to base 12.
1
1 (base 3) to base 15
1
85 (base 13) to base 7
214
-38 (base 16) to base 14
-40
-3 (base 12) to base 10
-3
0 (base 16) to base 14
0
-22 (base 3) to base 4
-20
-6 (base 9) to base 6
-10
What is 11 (base 5) in base 10?
6
-1 (base 15) to base 12
-1
Convert 16 (base 16) to base 7.
31
101 (base 2) to base 4
11
Convert -1000111 (base 2) to base 16.
-47
What is -4 (base 11) in base 13?
-4
What is 5 (base 16) in base 13?
5
-100 (base 3) to base 16
-9
-2 (base 7) to base 16
-2
What is 22 (base 9) in base 12?
18
What is 38 (base 10) in base 13?
2c
-220 (base 3) to base 5
-44
What is 1001 (base 2) in base 6?
13
What is 13 (base 16) in base 6?
31
Convert -5 (base 7) to base 12.
-5
4 (base 12) to base 8
4
-1 (base 7) to base 10
-1
What is 6 (base 15) in base 6?
10
Convert -8 (base 12) to base 7.
-11
What is 0 (base 9) in base 10?
0
What is -11 (base 11) in base 5?
-22
-10210 (base 3) to base 15
-6c
What is 321 (base 4) in base 10?
57
-3 (base 9) to base 7
-3
10 (base 4) to base 14
4
Convert 2e (base 16) to base 4.
232
Convert 0 (base 16) to base 5.
0
-7b (base 13) to base 12
-86
What is 133 (base 4) in base 10?
31
What is 3 (base 9) in base 14?
3
What is -17 (base 9) in base 12?
-14
Convert 1 (base 14) to base 11.
1
2 (base 15) to base 10
2
-31 (base 13) to base 14
-2c
70 (base 15) to base 7
210
What is -13 (base 16) in base 2?
-10011
Convert -100000001 (base 2) to base 4.
-10001
What is -6 (base 8) in base 12?
-6
What is -10000 (base 2) in base 6?
-24
1 (base 15) to base 9
1
Convert 230 (base 6) to base 9.
110
What is 11001001 (base 2) in base 5?
1301
What is -18 (base 10) in base 15?
-13
Convert -1b (base 12) to base 14.
-19
What is -24 (base 14) in base 10?
-32
Convert -8 (base 9) to base 12.
-8
What is -d1 (base 14) in base 5?
-1213
Convert 2c (base 14) to base 13.
31
-100 (base 2) to base 16
-4
What is 2213 (base 4) in base 14?
bd
Convert 50 (base 16) to base 6.
212
-4 (base 12) to base 11
-4
What is 6 (base 11) in base 14?
6
What is -110 (base 3) in base 5?
-22
Convert -1 (base 10) to base 9.
-1
-12b (base 12) to base 10
-179
What is -15 (base 13) in base 15?
-13
Convert 2003 (base 5) to base 8.
375
1 (base 6) to base 16
1
What is -1 (base 5) in base 8?
-1
0 (base 6) to base 2
0
Convert 76 (base 13) to base 14.
6d
Convert 1012 (base 6) to base 7.
440
Convert -1402 (base 6) to base 12.
-262
What is -44 (base 5) in base 8?
-30
Convert 1232 (base 4) to base 3.
11002
What is -b3 (base 16) in base 14?
-cb
Convert -1111101 (base 2) to